
Is 39448616089 a composite number?
False
Is 29232587 a composite number?
False
Is 701246239 prime?
True
Is 2196536581 a composite number?
False
Is 143839981 a prime number?
False
Is 62633549 composite?
True
Is 10694974678 a prime number?
False
Is 30302652781 composite?
False
Is 886455029 prime?
False
Is 2198669029 a composite number?
False
Is 679506089 prime?
False
Is 4139600141 composite?
False
Is 1785042937 prime?
False
Is 3574697489 a prime number?
False
Is 7939169723 composite?
True
Is 1316996041 a prime number?
True
Is 4361402341 composite?
False
Is 10795499521 a prime number?
False
Is 13539977 prime?
False
Is 279006323 a prime number?
True
Is 211992227 a composite number?
True
Is 25766429543 a composite number?
True
Is 3299837095 prime?
False
Is 739983467 a prime number?
True
Is 47777513233 a composite number?
False
Is 35432296111 a composite number?
False
Is 34785728591 a prime number?
True
Is 6027335719 a prime number?
False
Is 128380873 a prime number?
False
Is 188325559 prime?
True
Is 30896108623 a prime number?
False
Is 17463273773 a composite number?
True
Is 816172337 a composite number?
True
Is 128708689 a composite number?
False
Is 1102744651 composite?
True
Is 22643530765 a prime number?
False
Is 81962009 a prime number?
False
Is 10153537397 prime?
False
Is 5470483094 prime?
False
Is 41197143121 a prime number?
True
Is 5358041431 composite?
False
Is 2630941697 a prime number?
False
Is 62192359499 a prime number?
True
Is 1550125279 composite?
True
Is 991324547 prime?
True
Is 137852387 prime?
False
Is 4614465047 composite?
False
Is 139082554709 prime?
False
Is 2025206527 prime?
False
Is 2203634077 prime?
False
Is 249028187 a prime number?
True
Is 2820507023 a composite number?
False
Is 30606869407 composite?
False
Is 25800634861 composite?
False
Is 740957113 prime?
False
Is 171600161 a composite number?
False
Is 3659746117 a prime number?
True
Is 1227826739 a prime number?
True
Is 6921210923 prime?
False
Is 341535811339 prime?
False
Is 54610445579 a prime number?
False
Is 547993093 prime?
False
Is 1695893321 a composite number?
False
Is 23408514355 a prime number?
False
Is 6655487653 a composite number?
False
Is 1708799563 a prime number?
False
Is 740359247 a composite number?
False
Is 4233709643 a composite number?
False
Is 94365741049 a prime number?
False
Is 7207928197 prime?
True
Is 1116155641 a composite number?
True
Is 20355083083 a prime number?
True
Is 78435916439 a prime number?
True
Is 4635328277 a prime number?
True
Is 499745250559 a composite number?
False
Is 309923821 a prime number?
False
Is 2263929009 composite?
True
Is 1652467651 a composite number?
False
Is 9306450229 composite?
True
Is 30374710871 a prime number?
True
Is 340370278 composite?
True
Is 27298511 composite?
True
Is 1097744981 a prime number?
True
Is 938194111 a prime number?
True
Is 751234987 a prime number?
True
Is 10788483743 a composite number?
False
Is 2924602943 prime?
True
Is 3361021013 prime?
False
Is 79047244891 composite?
False
Is 171938531 a prime number?
False
Is 223103299 prime?
True
Is 2412260849 a prime number?
False
Is 7093091111 prime?
False
Is 1078628519 a composite number?
True
Is 3894807305 a composite number?
True
Is 42354059309 a composite number?
True
Is 3990987989 composite?
True
Is 57967650383 prime?
True
Is 78085627 a composite number?
False
Is 7501280629 a prime number?
True
Is 230571101 a composite number?
True
Is 3761891 a composite number?
True
Is 286241639293 a prime number?
True
Is 82395328837 a composite number?
False
Is 19533642761 a prime number?
False
Is 65467356739 a prime number?
True
Is 37899147197 prime?
False
Is 114729590243 composite?
True
Is 28704622801 a prime number?
True
Is 5687009051 a prime number?
True
Is 62900647399 a prime number?
True
Is 25332081 composite?
True
Is 13584020449 prime?
True
Is 3614109557 a prime number?
True
Is 43637473853 composite?
True
Is 11180657623 a composite number?
False
Is 3334261361 a prime number?
False
Is 725052857 composite?
False
Is 9135796027 a prime number?
True
Is 1388815391 a prime number?
False
Is 89597799389 a composite number?
True
Is 540072809 prime?
False
Is 21465903233 prime?
False
Is 545763642665 composite?
True
Is 5517653171 a composite number?
False
Is 26807692013 a prime number?
True
Is 44284793815 composite?
True
Is 392863313 a prime number?
True
Is 241566629867 a composite number?
False
Is 1019213933 prime?
True
Is 198545239 a composite number?
False
Is 32491396277 a prime number?
True
Is 262488134879 a prime number?
True
Is 696688249 a prime number?
True
Is 123725338117 composite?
False
Is 50602747 a prime number?
False
Is 340695737 composite?
True
Is 21885561535 a prime number?
False
Is 28891381313 a prime number?
True
Is 388666181 a prime number?
True
Is 43381326089 a composite number?
False
Is 40663787 a composite number?
False
Is 652277023 prime?
False
Is 7819797893 a prime number?
False
Is 303021133 composite?
True
Is 69577395221 composite?
False
Is 14279947937 a composite number?
False
Is 2293160953 composite?
False
Is 3232193071 composite?
False
Is 24990228223 a composite number?
False
Is 546083269 a composite number?
True
Is 96253253 prime?
False
Is 6380797 composite?
True
Is 3303731447 a composite number?
True
Is 7558200743 a composite number?
False
Is 204945977 a composite number?
False
Is 35060586901 a prime number?
True
Is 5408401855 composite?
True
Is 81722312249 a composite number?
False
Is 1981733641 a prime number?
True
Is 8968361 prime?
False
Is 4145314291 composite?
False
Is 2018360447 prime?
True
Is 4361696111 a composite number?
True
Is 43335402155 a prime number?
False
Is 2291005823 composite?
False
Is 7621568293 a composite number?
True
Is 823281553 a composite number?
False
Is 5284359919 prime?
True
Is 5296865363 a prime number?
True
Is 17138435417 composite?
True
Is 14927154811 a composite number?
False
Is 2699557207 a composite number?
False
Is 18930081649 a prime number?
False
Is 20857563745 prime?
False
Is 6715671869 prime?
True
Is 696449179 composite?
False
Is 1018527811 composite?
True
Is 38888893913 prime?
False
Is 531005317 prime?
True
Is 3571324063 prime?
False
Is 3072603823 a composite number?
False
Is 4521686591 a composite number?
False
Is 251740807 a composite number?
False
Is 9256970797 composite?
False
Is 19101043817 prime?
True
Is 342571953 prime?
False
Is 104714058773 composite?
False
Is 6677742629 a composite number?
False
Is 1363991177 composite?
False
Is 851922457 a prime number?
False
Is 1067990377 a prime number?
False
Is 25013991529 a prime number?
False
Is 1050025871 a composite number?
False
Is 5671296481 prime?
True
Is 323407099 composite?
True
Is 117820682479 prime?
False
Is 880690189 composite?
False
Is 26462431 prime?
True
Is 7894730863 prime?
True
Is 6137237 prime?
False
Is 6903554551 composite?
False
Is 63431653 composite?
True
Is 10710064259 a composite number?
False
Is 357287356499 a composite number?
True
Is 5495566291 prime?
True
Is 6324925469 a prime number?
True
Is 13155615581 a prime number?
False
Is 9041119273 prime?
False
Is 6559400279 a prime number?
True
Is 6231325677 composite?
True
Is 72328822 a prime number?
False
Is 8153722691 composite?
True
Is 19529510017 composite?
False
Is 6661913261 a prime number?
True
Is 4975518787 a composite number?
True
Is 5774758531 a composite number?
True
Is 722738161 a prime number?
True
Is 3201903974 a prime number?
False
Is 987626149 a prime number?
True
Is 7508290753 a prime number?
False
Is 145508715563 composite?
False
Is 23398031369 a prime number?
False
Is 827455169 composite?
True
Is 2579921623 a composite number?
False
Is 202330540913 a prime number?
False
Is 29086357051 a prime number?
False
Is 505968677 composite?
True
Is 26221986383 a prime number?
False
Is 2193856901 composite?
False
Is 115396511 composite?
False
Is 26285663 a composite number?
True
Is 552427217 composite?
False
Is 22309697183 prime?
True
Is 936352267 a prime number?
True
Is 925247701 prime?
False
Is 24111891883 a composite number?
True
Is 566968301 a prime number?
True
Is 11566961711 a prime number?
True
Is 1779905591 prime?
False
Is 5300999281 composite?
True
Is 5246584037 composite?
True
Is 775255381 a prime number?
False
Is 16002083219 prime?
False
Is 5299308317 a comp